e remainder when m is divided by c.
11
Suppose -x = l - 33, 2*l + 2*l - 16 = 0. Calculate the remainder when 85 is divided by x.
27
Let s(k) = -k**2 + 21*k - 58. Let y(b) = -15*b - 2. Calculate the remainder when y(-2) is divided by s(17).
8
Suppose 2*a = -1 - 13. Let x = -7 - a. Suppose -4*u + 3*t + 58 = x, u + t = -5 + 23. What is the remainder when 45 is divided by u?
13
Let k(r) = -2*r - 7. Let t be k(-5). Calculate the remainder when -3 + (19 + 0 - t) is divided by 4.
1
Suppose -20 = -5*k + 5. Calculate the remainder when 7 is divided by k.
2
Suppose -4*i - 9 = -29. Let x = 11 + -4. What is the remainder when x is divided by i?
2
Suppose -b - 1 = 0, b - 52 = a - 0*b. Let i = 74 + a. Let j(c) = -c**2 - c + 11. Calculate the remainder when i is divided by j(0).
10
Let y = -77 - -143. What is the remainder when y is divided by 23?
20
Suppose 4*s = 95 + 113. What is the remainder when s is divided by 18?
16
Let a = 5 + -14. Let m = 9 + a. Suppose -4*r = -2*x + 54, 2*x + 5*r - 1 - 8 = m. What is the remainder when 32 is divided by x?
15
Suppose 22 = -k + 115. Calculate the remainder when k is divided by 9/(-12) - 134/(-8).
13
Suppose 0 = -3*a - 2*j - 2*j + 28, -3*a = -5*j - 19. Calculate the remainder when (4 - 22/a)*48 is divided by 21.
18
Suppose -2 = n - 7. Let a = -23 + 33. What is the remainder when n is divided by 1/(-2) + a/4?
1
Let b = 37 + 52. What is the remainder when b is divided by 23?
20
Suppose -5*f - 9 = d - 31, -4 = -2*f. Calculate the remainder when 47 is divided by d.
11
Let j = -80 - -98. What is the remainder when j is divided by 11?
7
Let b(d) = d**2 - 3*d - 9. What is the remainder when b(-9) is divided by 34?
31
Let r = -2 - 2. What is the remainder when 22 is divided by (-3 + 18)*r/(-5)?
10
Let h(v) = -v**3 + 4*v**2 - v - 1. Let t be h(3). Suppose 7 - 22 = -t*c. What is the remainder when 8 is divided by c?
2
Suppose -2*o - o + 4*s + 103 = 0, -s + 150 = 4*o. What is the remainder when o is divided by 11 + (-1 - -2 - -1)?
11
Suppose 5*d - 247 - 33 = 0. What is the remainder when d is divided by 21 - (-3)/((-6)/4)?
18
Let o = -16 - -32. What is the remainder when 174 is divided by o?
14
Let y(r) = r + 9. What is the remainder when (-34)/(-6) + (-10)/(-15)*-1 is divided by y(-6)?
2
Suppose 4*i - 50 = -i. Calculate the remainder when 39 is divided by i.
9
What is the remainder when (9/(-2))/(2/(-4)) is divided by 6?
3
Let t(f) = f**2 + f + 1. Let i be t(3). Let z = -10 + i. Calculate the remainder when 11 is divided by z.
2
Suppose 2*q - 46 = 34. Calculate the remainder when q is divided by 15.
10
Let h = -51 - -55. What is the remainder when 10 is divided by h?
2
Suppose 2*a + j = a + 28, j + 164 = 5*a. Calculate the remainder when a is divided by 17.
15
Suppose 3*n + 1 - 7 = -5*d, 5*n = -5*d. Let v = -162 - -169. Calculate the remainder when v is divided by d.
1
Suppose -18 = -4*n + 26. Calculate the remainder when n is divided by 3.
2
Suppose -298 = 82*c - 84*c. Calculate the remainder when c is divided by 30.
29
Let u(c) = -c**3 + 8*c**2 + 3*c - 12. What is the remainder when u(5) is divided by 20?
18
Let o be (-3*1)/((-15)/20). Calculate the remainder when 38 is divided by 13*2/o*2.
12
Suppose 74 = 5*m + 4. Let h(v) be the third derivative of v**6/120 + v**5/12 + v**4/8 + v**3/6 - v**2. What is the remainder when m is divided by h(-4)?
4
Suppose -4*a - 17 = 31. Let l = 5 - a. What is the remainder when ((-24)/9)/((-4)/48) is divided by l?
15
Suppose 0*l + 4 = l, -s - l + 10 = 0. Let n = 14 + -9. Suppose -2*h + 34 = -2*q + 10, h - n*q - 20 = 0. What is the remainder when h is divided by s?
4
Let t = 18 - 13. Suppose 2*m = -3*d + 2 + 20, 30 = 5*m - t*d. What is the remainder when 226/10 + (-2)/(-5) is divided by m?
7
Let h be 2 + 17*(2 + -1). Suppose -3*y + h = -20. Calculate the remainder when y is divided by 5.
3
Suppose 2*c - 3*c + 3 = 0. Let m be -4 + c - 5*-1. Suppose -m*n + 184 = 4*r, -5*n = -0*n + 4*r - 230. Calculate the remainder when n is divided by 16.
14
Let f be (-2)/(-3)*18/4. Let g = 1 - f. Calculate the remainder when ((-12)/5)/(g/15) is divided by 10.
8
What is the remainder when -2 + (-5 + -24)*-2 is divided by 30?
26
Let z = 32 - 11. Suppose -5*t - 3*i - 17 = 0, -t + 5*i + z = -2*t. What is the remainder when ((-2)/(-6))/(t/(-15)) is divided by 3?
2
Let d = -13 - -48. Suppose 0 = 2*z - 3 - 45. Suppose z = 2*b - 0. What is the remainder when d is divided by b?
11
Let m(x) = -x**3 - x**2 + 7. Calculate the remainder when -4*(-2 + 3)*-5 is divided by m(0).
6
Let b be 55 - (0/(-2) + 1). Suppose -5*w + 70 = -5*g, 3*w + g + 8 = b. Calculate the remainder when 59 is divided by w.
14
Suppose p = 4*p. Suppose p = 4*y - 10 - 6. Let t(d) = 2*d - 8. Calculate the remainder when t(7) is divided by y.
2
Suppose 4*h + 0*z - 147 = -3*z, -z + 104 = 3*h. Let j = 7 + 10. Calculate the remainder when h is divided by j.
16
Suppose 0 = -14*s + 9*s + 90. Calculate the remainder when 89 is divided by s.
17
Suppose -a + 59 = 4*o - 52, -2*o = -a - 57. Suppose -n + v - 6*v = 4, v = -2*n + o. Calculate the remainder when 61 is divided by n.
13
Suppose 4*x = 3*c + 2*x - 15, -4*c - x = -20. Suppose -c*i + 36 = -i. What is the remainder when 25 is divided by i?
7
What is the remainder when 122/(-2*(-1)/1) is divided by 16?
13
Let k = -6 + 11. Suppose -3*m = 4*a - 45, -2*m + k*a - 2*a + 13 = 0. Calculate the remainder when 21 is divided by m.
10
Suppose 3*o + 1 = -4*r, 4*r - o - 1 = 5*r. Suppose -j + 24 = j - r*c, 3*j + c = 24. What is the remainder when 26 is divided by j?
8
Let m = 1 - -1. Let s(g) = 4*g + 3 - 3*g + m + 0*g. What is the remainder when 32 is divided by s(6)?
10
Let x be 1 + 0 - (-3 + 3). What is the remainder when 15 is divided by 7 + (0 - (0 - x))?
7
Suppose 0 = -5*i - 4*w + 178, 2*i + 4*w - 42 = i. Let x be -30 - (-3 - (-9)/3). Let t = -18 - x. Calculate the remainder when i is divided by t.
10
Let q(n) = 4*n**2 - 2. Suppose 0 = -2*d - 6 - 2. What is the remainder when q(-3) is divided by 12*(0 + (-6)/d)?
16
Let q(f) = 2 + 1 - 4*f + 0. Calculate the remainder when 104 is divided by q(-8).
34
Let w(a) = a**3 - a**2 + a + 12. Let n(l) = 4*l - 2. Suppose m - 10 = -1. What is the remainder when n(m) is divided by w(0)?
10
Suppose t - 17 = -t - q, 4*q = 5*t - 10. Let u(l) = l**3 - 7*l**2 + 9*l - 1. Calculate the remainder when u(t) is divided by 10.
7
Let s = 5 - -5. Suppose -2*v - s = -q + 2, -24 = -4*q + 2*v. What is the remainder when 64 is divided by -4 + q + 23 + -1?
20
Suppose 3*u = 5*u - 50. Let k(q) = -q**2 - 6*q + 8. Let c be k(-6). Suppose -c*o = -3*o - u. Calculate the remainder when 9 is divided by o.
4
Suppose 0 = 4*h + 13 - 1. Let a(g) = -g**2 - 3*g + 3. Calculate the remainder when a(h) is divided by 1.
0
Suppose -3 = -n + 32. Let v = 2 - 8. What is the remainder when n is divided by (-102)/(-9) + (-4)/v?
11
Let p = 1 + 1. Suppose 0 = -u - p + 5. Calculate the remainder when u is divided by 3.
0
Suppose -k + 3 = 7, 2*k + 240 = 4*x. What is the remainder when x is divided by 20?
18
Let a(p) = p**3 + 4*p**2 - 3*p + 4. Let h be a(-4). Suppose -2 = -b + h. Let r = b - 6. What is the remainder when 22 is divided by r?
10
Suppose -3*c + 5*f + 30 = 0, f + 50 + 0 = 5*c. What is the remainder when 15 is divided by c?
5
Let m = -73 - -78. What is the remainder when m is divided by 2?
1
Let h(k) = k**3 - 3*k**2 + 4*k + 3. Let y = -198 - -335. What is the remainder when y is divided by h(4)?
32
Calculate the remainder when (81/(-18))/((-2)/4) is divided by 2.
1
What is the remainder when 128/3 + (-2)/(-6) is divided by 17?
9
Suppose 0*g - 45 = 5*g. Suppose 4*h = h + 12. Calculate the remainder when (-52)/g - 2/(-9) is divided by h.
2
Suppose 5*b - 36 = -3*y, 0 = -2*y - 5*b + 5 + 14. Suppose 0 = 2*h - 63 + y. Calculate the remainder when 67 is divided by h.
21
Let r be (12/(-20))/((-3)/15). Suppose -r*f + 27 = 4*u, -5*f - 3*u + 13 = -32. Calculate the remainder when 26 is divided by f.
8
Let t(x) = x**2 + 5*x + 6. Let v be t(-4). Let y = 4 - v. What is the remainder when y is divided by 247/285 - (-2)/15?
0
Suppose -o + 4*o = -2*w + 100, 5*o - 166 = -4*w. Let k = o + -9. Calculate the remainder when k is divided by 4/(-6)*117/(-6).
12
Suppose 4*c + 4*q - 68 = 0, 6*c - 3*q - 33 = 2*c. Suppose 0*t - 44 = -b + t, 